. Suppose 3*n = 5*n - 52. What is the highest common divisor of n and k?
13
Let s = 4 - 70. Let d = s + 106. What is the highest common factor of 5 and d?
5
Suppose -30 = 10*v - 60. Suppose g - k - v*k - 566 = 0, -g + 2*k + 558 = 0. What is the highest common factor of g and 50?
50
Let o(s) = s**2 - 1. Let p be o(-4). Let y(w) = -12 + 6*w - 3 + 4*w. Let b be y(6). Calculate the greatest common factor of p and b.
15
Let g = 4 + -2. Suppose -n = -g*n + 2. Suppose 0 = l + n*l - 96. Calculate the greatest common factor of 48 and l.
16
Let p(r) = -2*r + 111. Let u be p(20). Calculate the highest common factor of 213 and u.
71
Suppose 44*s - 57 = 41*s. What is the greatest common divisor of s and 152?
19
Suppose -475 = -v - 4*v. Let x = v + -64. Let z = x - -167. Calculate the greatest common divisor of z and 22.
22
Suppose 3*g = -135 + 813. Let c be 2 + (g/(1/1) - -3). Let n be (-1 - -3) + (21 - 2). What is the highest common divisor of c and n?
21
Suppose 5*h = 4*d + 596, 5*h - 8*d = -12*d + 604. Let q be (-3)/((15/134)/(-5)). Let w = q - 86. Calculate the greatest common divisor of w and h.
24
Let z(d) = -d - 12. Suppose 6 + 1 = -n + 3*x, -5*n = -2*x + 74. Let i be z(n). Calculate the greatest common factor of 12 and i.
4
Suppose -4*w - 34 = -3*q, 5 = -q + 2*q + 5*w. Suppose -205 = -11*o + 455. Let v be (-3)/2*o/(-18). Calculate the greatest common factor of v and q.
5
Let m = 2 - 14. Suppose 3*g = 4*i - 29, 0 = -4*g - i - 4*i + 13. Let d = g - m. Calculate the highest common divisor of 1 and d.
1
Let h(c) = 2*c**3 - 2*c**2 + 4*c + 3. Let l be h(3). Calculate the highest common divisor of l and 85.
17
Let u be 12/108 + (-8)/(-9) - -53. What is the greatest common divisor of u and 864?
54
Let s(u) = u**3 + 16*u**2 - 15*u + 28. Let a be s(-17). Let x = a - -12. Calculate the highest common factor of 42 and x.
6
Let y be ((-249)/3 - -3)*6/(-15). Suppose y = -t + 5*t. What is the highest common factor of t and 20?
4
Suppose x + 115 = 3*a, -x - 187 = -5*a - 4*x. What is the highest common divisor of 190 and a?
38
Suppose 286 = -3*n - 164. Let j be ((-28)/(-10))/((-3)/n). Calculate the greatest common divisor of 35 and j.
35
Let w(a) = 2*a**3 - 33*a**2 - 2*a + 18. Let u be w(17). What is the highest common factor of u and 39?
39
Suppose -4*z = -2*v - 826, -5*v + 540 - 121 = 2*z. What is the greatest common divisor of z and 115?
23
Let m = 32 + 3. Suppose -15*n + 50 = -5*n. What is the greatest common divisor of m and n?
5
Let u be (-40)/(-6)*((-6279)/26)/(-7). What is the greatest common divisor of u and 20?
10
Suppose 0 = 3*k + 2*y - 416, k = -0*k - 5*y + 130. Calculate the highest common divisor of k and 1820.
140
Let v be (-62)/(-868) - (-50565)/42. What is the highest common divisor of 28 and v?
28
Let s = 18 - 20. Let k(q) = -8*q - 3. Let l be k(s). Let c = l + 25. What is the greatest common divisor of 95 and c?
19
Let f be (-4 - -277)/1 - 2*-2. Suppose f*h + 315 = 280*h. Calculate the highest common factor of 15 and h.
15
Let m(b) = 3*b - 36. Let h be m(17). Let u be (-2)/(-2)*85 - (h - 14). Calculate the greatest common divisor of 210 and u.
42
Let x(r) = 6*r**2 - 3*r + 3. Let y be x(2). Suppose 2*c - 2*u - 4 = 0, -2*u - 3*u - 1 = -2*c. What is the greatest common divisor of c and y?
3
Let b be 3 - (3 - (40 + -1)). Let u be -7 + 18 - (-7 - 60). What is the highest common divisor of b and u?
39
Suppose -93 = -4*v - 3*x + 206, 3*x = -9. Let g(j) = -j**3 + 8*j**2 - 8*j - 13. Let h be g(6). What is the greatest common factor of v and h?
11
Let w(m) = -5*m - 12. Let p be w(-8). Let z be 7*(2 - 6)/16*-48. What is the greatest common factor of p and z?
28
Let d = -1597 + 1632. What is the highest common factor of 21 and d?
7
Let z = 3071 - 2081. Suppose -9*n + z = -4*n. Suppose 2*g - 2*b = b + 48, 3*g = -4*b + 38. What is the greatest common divisor of g and n?
18
Let i(c) = -c**3 - 4*c**2 - 3*c + 2. Let m be i(-4). What is the greatest common factor of 63 and m?
7
Let q = 6 + -4. Suppose 0 = -q*f - 3*z - 2*z + 1, 2*z = -2. Suppose -f*a = -2*n - 8*a + 99, 5*n = -5*a + 225. What is the highest common factor of n and 105?
21
Suppose 0 = -4*f + 3*t + 663, -15*f - 5*t = -12*f - 490. Calculate the greatest common divisor of 6 and f.
3
Suppose -35 = -3*t + 148. Let h = t + -58. What is the highest common factor of h and 15?
3
Let f(q) = -2*q**3 + q**2 - 4*q + 43. Let l be f(0). Calculate the highest common factor of l and 1.
1
Suppose 8 + 7 = k. Let y = 20 - k. Suppose y*a - 16 = 19. Calculate the greatest common divisor of 1 and a.
1
Suppose 0 = 2*i + 2, 0 = -2*c - i + 6 + 1. Let s be 34/c - ((-15)/(-6))/(-5). Calculate the highest common divisor of 15 and s.
3
Let i be -6*((-4)/12 + -4). Let z be (-3)/20*-5*(104 + 0). What is the greatest common factor of z and i?
26
Suppose 2*a = 8*a - 324. Calculate the highest common factor of a and 72.
18
Suppose 2 = -3*q + 4*q + o, 2*q = o + 13. Suppose q*m - 300 = 2*m. Let x be 3/(-4) - (-326)/8. What is the greatest common divisor of x and m?
20
Let v(r) = -r**2 + 32*r - 176. Let q be v(16). Let w be (-231)/(-14) + 1/(-2). What is the greatest common divisor of q and w?
16
Let f(g) = -g**2 - 62*g - 233. Let d be f(-57). Let m be -1 + 1 - (-26)/2. Calculate the greatest common factor of d and m.
13
Let i be 3 + 0 + (-305)/1. Let u = i + 617. What is the greatest common divisor of 35 and u?
35
Let l be ((-96)/20)/((-10)/25). Suppose -4*y + 3*y = -42. Calculate the greatest common divisor of y and l.
6
Suppose -36*s + 16 = -38*s. Let v(f) = f**3 + 7*f**2 - 2*f. Let d be v(-7). Let p = d + s. What is the highest common divisor of p and 24?
6
Let y(s) = -20*s - 20. Let v be ((-3)/2)/((15/(-16))/(-5)). Let t be y(v). Calculate the greatest common factor of t and 28.
28
Let j(s) = -s**3 - 18*s**2 - 2*s - 22. Let m be j(-18). Let g = 41 - m. Calculate the greatest common factor of g and 297.
27
Suppose -10*b + 14*b = -4. Let k(a) = -75*a - 3. Let h be k(b). What is the greatest common divisor of 18 and h?
18
Suppose 12*g = 8*g - 20, 5*q - 2*g - 95 = 0. Calculate the highest common divisor of 2635 and q.
17
Let a(d) = -d**2 + 65*d - 48. Let k be a(64). Let x = 1 - 1. Let c = k - x. What is the highest common divisor of c and 48?
16
Suppose 2*t - 56 + 12 = 0. Suppose -c - 17 + 127 = 0. Calculate the highest common divisor of c and t.
22
Let j(f) = -f + 8. Let v(x) = -2*x + 23. Let a(y) = 11*j(y) - 4*v(y). Let h be a(-5). Suppose -4*g = -51 + h. What is the highest common divisor of g and 10?
10
Let k(r) = -6*r**3 - 8*r**2 - 17*r - 12. Let c be k(-5). Calculate the highest common factor of c and 89.
89
Let f(w) = w**3 + 7*w**2 - 4*w + 5. Suppose -d = 2 + 4. Let x be f(d). Suppose 0 = 3*t + 9, -5*t = l - 6*l + x. What is the greatest common factor of 25 and l?
5
Let f be 5/((-20)/16) - 2471. Let i be f/(-10) + 3/(-6). What is the greatest common factor of i and 19?
19
Let t be (-27)/(-36) - 198/(-24). Calculate the highest common factor of t and 369.
9
Let s be 36/6*(0 - -12)/4. Suppose -2*x - 8 = -6*x. What is the highest common divisor of x and s?
2
Let m = 14 - 8. Let c(t) = t**2 - 11*t + 16. Let p be c(11). Suppose 4*v - 2*u = p, -17 = -4*v - 5*u + 27. Calculate the highest common divisor of v and m.
6
Let b(l) = -l**3 + 8*l**2 - 9*l - 14. Let h be b(6). Calculate the greatest common divisor of 90 and h.
2
Let z = -19 - -43. Suppose -4*b = -0*b + z. Let y be (-326)/(-10) - b/15. What is the greatest common factor of 11 and y?
11
Suppose -22 = -6*t + 2. Suppose 4*m - r = t*r + 66, r - 54 = -4*m. What is the greatest common divisor of m and 35?
7
Let l be (-3)/(5 - (-584)/(-112)). Calculate the greatest common factor of 231 and l.
7
Let a(g) = 3*g**2 - 18*g - 18. Let o be a(7). What is the greatest common factor of 96 and o?
3
Suppose 611 = 3*p - 37. Let u be p/(-40)*((-8)/6 - 2). Calculate the greatest common factor of 2 and u.
2
Suppose -5*b - 5 = g, 3*g + 3 = -0*b - 3*b. Let w = b - -162. Calculate the greatest common factor of 23 and w.
23
Suppose -3*y = -5*a + 15, 2*y = -3*y - 4*a + 12. Let s be (y + 2)*-2 - 2. Let r be 16/s*132/(-16). Calculate the highest common factor of 2 and r.
2
Let f(i) = -3*i**3 + 8*i**2 + i - 1. Let d be f(-3). Let r = -146 + d. What is the greatest common factor of 4 and r?
1
Let r = 14 -